{"id":7011,"date":"2026-02-18T13:16:23","date_gmt":"2026-02-18T12:16:23","guid":{"rendered":"https:\/\/www.jupit.de\/produktwelt\/?post_type=product&#038;p=7011"},"modified":"2026-02-19T13:34:52","modified_gmt":"2026-02-19T12:34:52","slug":"horns-aria-ii","status":"publish","type":"product","link":"https:\/\/www.jupit.de\/produktwelt\/produkt\/vorfuehrware-zu-sonderpreisen\/horns-aria-ii\/","title":{"rendered":"Horns Aria II"},"content":{"rendered":"<h2>Aus unserer Ausstellung bieten wir an:<\/h2>\n<h3>Horns Lautsprecher Aria II in der Ausf\u00fchrung Hochglanz schwarz mit blauen H\u00f6rnern<\/h3>\n<p>Die Aria II ist die gr\u00f6\u00dfere Ausf\u00fchrung der Aria 1, best\u00fcckt mit 6,5\u201c B\u00e4ssen, die doppelt ausgef\u00fchrt sind. Die Klangeigenschaften (dynamisch, aber nicht zu direkt bzw. scharf) sind durchaus mit dem kleineren Pendant vergleichbar, jedoch mit mehr Volumen und Substanz im unteren Frequenzbereich. Die Aria II ist in der Lage, auch schon gr\u00f6\u00dfere R\u00e4ume mit 25 bis 30 Quadratmetern vollends zufriedenstellend beschallen zu k\u00f6nnen. Dabei beh\u00e4lt sie die moderaten Abmessungen der Aria Serie bei und l\u00e4sst sich so auch optisch hervorragend in Ihren Raum integrieren.<\/p>\n<p>Einen ausf\u00fchrlichen Test zum Schwestermodell Aria III finden Sie hier:\u00a0<a href=\"https:\/\/www.hifitest.de\/test\/lautsprecher-stereo\/horns-aria-iii-19323\">https:\/\/www.hifitest.de\/test\/lautsprecher-stereo\/horns-aria-iii-19323<\/a><\/p>\n<p>&nbsp;<\/p>\n","protected":false},"excerpt":{"rendered":"<p>Aus unserer Demo<\/p>\n<p>Technisch einwandfrei<\/p>\n<p>Optisch in gutem Zustand<\/p>\n","protected":false},"featured_media":7012,"template":"","meta":{"_acf_changed":false},"product_brand":[799],"product_cat":[607],"product_tag":[],"class_list":{"0":"post-7011","1":"product","2":"type-product","3":"status-publish","4":"has-post-thumbnail","6":"product_brand-horns","7":"product_cat-vorfuehrware-zu-sonderpreisen","9":"first","10":"instock","11":"sale","12":"shipping-taxable","13":"product-type-simple"},"acf":[],"_links":{"self":[{"href":"https:\/\/www.jupit.de\/produktwelt\/wp-json\/wp\/v2\/product\/7011","targetHints":{"allow":["GET"]}}],"collection":[{"href":"https:\/\/www.jupit.de\/produktwelt\/wp-json\/wp\/v2\/product"}],"about":[{"href":"https:\/\/www.jupit.de\/produktwelt\/wp-json\/wp\/v2\/types\/product"}],"wp:featuredmedia":[{"embeddable":true,"href":"https:\/\/www.jupit.de\/produktwelt\/wp-json\/wp\/v2\/media\/7012"}],"wp:attachment":[{"href":"https:\/\/www.jupit.de\/produktwelt\/wp-json\/wp\/v2\/media?parent=7011"}],"wp:term":[{"taxonomy":"product_brand","embeddable":true,"href":"https:\/\/www.jupit.de\/produktwelt\/wp-json\/wp\/v2\/product_brand?post=7011"},{"taxonomy":"product_cat","embeddable":true,"href":"https:\/\/www.jupit.de\/produktwelt\/wp-json\/wp\/v2\/product_cat?post=7011"},{"taxonomy":"product_tag","embeddable":true,"href":"https:\/\/www.jupit.de\/produktwelt\/wp-json\/wp\/v2\/product_tag?post=7011"}],"curies":[{"name":"wp","href":"https:\/\/api.w.org\/{rel}","templated":true}]}}