{"id":6745,"date":"2025-08-26T16:03:11","date_gmt":"2025-08-26T14:03:11","guid":{"rendered":"https:\/\/www.jupit.de\/produktwelt\/?post_type=product&#038;p=6745"},"modified":"2026-02-04T12:57:32","modified_gmt":"2026-02-04T11:57:32","slug":"mcintosh-mcd350-ac","status":"publish","type":"product","link":"https:\/\/www.jupit.de\/produktwelt\/produkt\/cd-player\/mcintosh-mcd350-ac\/","title":{"rendered":"McIntosh MCD350 AC &#8211; SACD\/CD-Player"},"content":{"rendered":"<h2>Darauf haben McIntosh-Fans lange gewartet:<\/h2>\n<p>Der MCD350 AC ist ein fantastischer SACD\/CD-Player, der alle McIntosh-Tugenden zeigt, wie den grundsoliden, sehr wertigen Aufbau, die symmetrischen XLR-Stereoausg\u00e4nge sowie den McIntosh-typischen Look mit der Glasfront und den Aluminium-Endleisten.<\/p>\n<p>F\u00fcr optimalen SACD\/CD Genuss liest das Laufwerk im MCD350 AC die Daten mit doppelter Geschwindigkeit und speichert diese in einem Zwischenspeicher, um eine bessere Fehlerkorrektur und Genauigkeit beim Lesen der Daten zu erreichen. Im Anschluss liefert der symmetrische 2-Kanal-32-Bit-192kHz DAC ein Analogsignal h\u00f6chster G\u00fcte an den angeschlossenen Verst\u00e4rker. Digitale Ausg\u00e4nge (RCA und optisch) sind ebenfalls vorhanden, sollte ein externer DAC zur Anwendung kommen.<\/p>\n<p>Die spezielle Stromversorgung der &#8222;Linear Power Supply&#8220; verf\u00fcgt \u00fcber einen mehrfach geregelten, speziellen R-Core Power Transformer, der einen stabilen Betrieb gew\u00e4hrleistet, selbst wenn die Stromleitung in der Versorgung schwankt. Die gleichm\u00e4\u00dfige LED-Frontpanel-Beleuchtung wird durch mehrere LEDs mit extralanger Lebensdauer erreicht.<\/p>\n<p>Der solide Alu-Druckguss-Tray unterstreicht die \u00fcberaus wertige Natur des neuen McIntosh SACD\/CD-Players und die ber\u00fchmte McIntosh beleuchtete Glasfront sorgt daf\u00fcr, dass die Sch\u00f6nheit des MCD350 AC f\u00fcr viele Jahre erhalten bleibt. Das beigelegte Mc-Powerkabel gew\u00e4hrleistet eine perfekte Stromversorgung in allen Lebenslagen. Alles in allem, ein gro\u00dfartiger McIntosh SACD\/CD-Player mit einem \u00fcberragenden Preis-\/Leistungsverh\u00e4ltnis!<\/p>\n<p>&nbsp;<\/p>\n<p><strong>Technische Daten<\/strong><\/p>\n<div class=\"offcanvas-body\">\n<div class=\"owntabs-tab1-tab-pane-container tab-pane-container\">\n<ul>\n<li><i>Ger\u00e4uschspannungsabstand: besser als 108 dB<\/i><\/li>\n<li><i>Fixed Ausgang: 2,0V unsymmetrisch \/ 4,0V symmetrisch<\/i><\/li>\n<li><i>Ausgangsimpedanz: 600 Ohm<\/i><\/li>\n<li><i>Dynamikbereich: besser als 100dB<\/i><\/li>\n<li><i>Digitale Ausg\u00e4nge: 1 x optisch \/ 1 x RCA<\/i><\/li>\n<li><i>Abmessungen (BHT): 44,5 x 15,3 x 48,3 cm<\/i><\/li>\n<li><i>Gewicht: 12,7 Kg netto (19,2 Kg inklusive Verpackung)<\/i><\/li>\n<\/ul>\n<\/div>\n<\/div>\n","protected":false},"excerpt":{"rendered":"<p>Der McIntosh MCD350 AC wird seinem eindeutigen Auftrag hundertprozentig gerecht: \u00fcberragend klingende Wiedergabe von SACDs und CDs. Auf Basis des soliden mechanischen Aufbaus, der Auswahl passender Bauteile und selbstverst\u00e4ndlich der langen Erfahrung, die die Amerikaner besitzen, gelingt dieses Unterfangen auf h\u00f6chstem Niveau, was nicht zuletzt an dem aktuell beiliegenden Netzkabel aus dem Hause Shunyata liegt. Wer eine gro\u00dfe Sammlung an Zw\u00f6lf-Zentimeter-Silberscheiben besitzt, kann sie mit Hilfe dieses edel und puristisch konzipierten McIntosh-Players auf sensationellem klanglichen Niveau genie\u00dfen, weil eben doch tats\u00e4chlich entscheidend ist, was hinten rauskommt.<\/p>\n<p>(Fazit von Olaf Sturm zum MCD350 auf der Seite i-fidelity.net)<\/p>\n<p><a href=\"https:\/\/www.i-fidelity.net\/testberichte\/high-end\/mcintosh-mcd350-ac\/test.html\">https:\/\/www.i-fidelity.net\/testberichte\/high-end\/mcintosh-mcd350-ac\/test.html<\/a><\/p>\n","protected":false},"featured_media":6746,"template":"","meta":{"_acf_changed":false},"product_brand":[616],"product_cat":[285],"product_tag":[],"class_list":{"0":"post-6745","1":"product","2":"type-product","3":"status-publish","4":"has-post-thumbnail","6":"product_brand-mcintosh","7":"product_cat-cd-player","9":"first","10":"instock","11":"shipping-taxable","12":"product-type-simple"},"acf":[],"_links":{"self":[{"href":"https:\/\/www.jupit.de\/produktwelt\/wp-json\/wp\/v2\/product\/6745","targetHints":{"allow":["GET"]}}],"collection":[{"href":"https:\/\/www.jupit.de\/produktwelt\/wp-json\/wp\/v2\/product"}],"about":[{"href":"https:\/\/www.jupit.de\/produktwelt\/wp-json\/wp\/v2\/types\/product"}],"wp:featuredmedia":[{"embeddable":true,"href":"https:\/\/www.jupit.de\/produktwelt\/wp-json\/wp\/v2\/media\/6746"}],"wp:attachment":[{"href":"https:\/\/www.jupit.de\/produktwelt\/wp-json\/wp\/v2\/media?parent=6745"}],"wp:term":[{"taxonomy":"product_brand","embeddable":true,"href":"https:\/\/www.jupit.de\/produktwelt\/wp-json\/wp\/v2\/product_brand?post=6745"},{"taxonomy":"product_cat","embeddable":true,"href":"https:\/\/www.jupit.de\/produktwelt\/wp-json\/wp\/v2\/product_cat?post=6745"},{"taxonomy":"product_tag","embeddable":true,"href":"https:\/\/www.jupit.de\/produktwelt\/wp-json\/wp\/v2\/product_tag?post=6745"}],"curies":[{"name":"wp","href":"https:\/\/api.w.org\/{rel}","templated":true}]}}