{"id":6716,"date":"2025-07-23T14:31:10","date_gmt":"2025-07-23T12:31:10","guid":{"rendered":"https:\/\/www.jupit.de\/produktwelt\/?post_type=product&#038;p=6716"},"modified":"2026-02-04T12:59:23","modified_gmt":"2026-02-04T11:59:23","slug":"mcintosh-ma12000-ac","status":"publish","type":"product","link":"https:\/\/www.jupit.de\/produktwelt\/produkt\/stereo-verstaerker\/vollverstaerker\/mcintosh-ma12000-ac\/","title":{"rendered":"McIntosh MA12000 AC Hybrid-Vollverst\u00e4rker"},"content":{"rendered":"<h2>350 Watt Leistung, R\u00f6hrenvorstufe &amp; Transistorendstufe vereint<\/h2>\n<div class=\"product-detail-description-text\">\n<p>Der <strong>McIntosh MA12000 AC<\/strong> ist ein ultimatives Vollverst\u00e4rker-Statement und ein Produkt kompromissloser Audiotechnik bei vollendetster Verarbeitung. Nie zuvor hat McIntosh einen Vollverst\u00e4rker gebaut, der pro Kanal 350 Watt Leistung zur Verf\u00fcgung stellt und dabei das Beste zweier Welten vereint: Die warmen Nuancen einer R\u00f6hrenvorstufe mit der Geschwindigkeit und Performance von Hochleistungstransistoren der Endstufe. Hinzu kommen modernste digitale Audiofunktionen und eine Vielzahl analoger Audioeing\u00e4nge.<\/p>\n<p>Der <strong>MA12000 AC<\/strong> verf\u00fcgt \u00fcber ein Hybrid-Design. So arbeiten im Vorverst\u00e4rker vier 12AX7A-Vakuumr\u00f6hren, deren Signal an eine transistorbest\u00fcckte Endstufe weiter geleitet wird, die mit ihrer unnachgiebigen Power auch leistungshungrige Lautsprecher bedienen kann. Dank der McIntosh-Autoformer-Technologie unabh\u00e4ngig davon, ob diese eine Impedanz von zwei, vier oder acht Ohm haben.<\/p>\n<p>Der <strong>MA12000 AC<\/strong> verf\u00fcgt \u00fcber zehn analoge Eing\u00e4nge, bestehend aus zwei symmetrischen und sechs unsymmetrischen Eing\u00e4ngen sowie Moving Coil- und Moving Magnet-Eingang.<\/p>\n<p>Die beiden Phono-Eing\u00e4nge k\u00f6nnen f\u00fcr MM\/MC-Tonabnehmer bzgl. ihrer elektrischen Werte angepasst werden. F\u00fcr den Anschluss einer zus\u00e4tzlichen Endstufe stehen je ein Koaxial- und ein XLR-Ausgang zur Verf\u00fcgung.<\/p>\n<p>So ist der <strong>MA12000 AC<\/strong> einmal mehr die Verk\u00f6rperung der zeitlosen McIntosh-\u00c4sthetik, mit gro\u00dfen VU-Metern, der schwarzen Frontplatte aus Glas, dem beleuchteten McIntosh-Logo, den Aluminium-Abschlussleisten und dem wundersch\u00f6n polierten Edelstahl-Chassis.<\/p>\n<\/div>\n<div class=\"product-detail-description-text\">\n<div><u>Die exklusiven McIntosh-Features im MA12000AC sind:<\/u><\/div>\n<div>\n<p><strong>Power Guard\u00ae <\/strong>\u00fcberwacht Signalpegel mit Lichtgeschwindigkeit und passt diese bei Bedarf an, damit bei hohen Verzerrungen und Clipping Lautsprecherbesch\u00e4digungen ausgeschlossen werden k\u00f6nnen.<\/p>\n<p><strong>Sentry Monitor \u2122 <\/strong>McIntoshs Kurzschluss-Schutzschaltung, die die Endstufe ausschaltet, bevor der Strom regul\u00e4re Betriebsstufen \u00fcbersteigt und diese automatisch zur\u00fccksetzt, wenn die Betriebsbedingungen wieder normal sind.<\/p>\n<p><strong><em>Home Theater PassThru<\/em><\/strong>, das eine nahtlose Integration in ein Heimkinosystem erm\u00f6glicht. Dadurch wird der MA12000 AC zur reinen Endstufe, die lautst\u00e4rketechnisch vom AV-Prozessor bzw. AV-Receiver geregelt wird.<\/p>\n<p><strong><em>High Drive Kopfh\u00f6rerverst\u00e4rker <\/em><\/strong>mit Crossfeed Director (HXD\u00ae), der dem Kopfh\u00f6rer eine zus\u00e4tzliche Klangdimension verleihen kann.<\/p>\n<p><strong><em>Diskrete, 8-Band-Klangregelung (Equalizer) <\/em><\/strong>die eine manuell-analoge Einstellung der Lieblingsaufnahmen erm\u00f6glicht<\/p>\n<p><strong><em>Gegen Korrosion immune, vergoldete Lautsprecheranschl\u00fcsse <\/em><\/strong>die sicherzustellen, dass immer ein qualitativ hochwertiges Signal an die Lautsprecher gesendet wird<\/p>\n<p><strong><em>McIntosh-Autoformer <\/em><\/strong>Ein Transistorverst\u00e4rker arbeitet am besten an einer f\u00fcr ihn optimalen Impedanz. Diese Impedanz kann in einigen F\u00e4llen, von Lautsprecher zu Lautsprecher stark variieren. In mehreren F\u00e4llen k\u00f6nnen Lautsprecher in ihrer Impedanz unter 2 Ohm gehen. Wird ein Leistungsverst\u00e4rker an eine Impedanz angeschlossen, die unter seiner optimalen Impedanz liegt, wird mehr Ausgangsstrom gefordert, was sich auch in erh\u00f6hter Temperatur auswirkt. Der Autoformer schafft hier eine ideale Verbindung zwischen Verst\u00e4rker und Lautsprecher. Messtechnisch gibt es f\u00fcr den McIntosh-Autoformer keinerlei Qualit\u00e4tslimitierung. Der Frequenzverlauf entspricht exakt dem der Ausgangsstufe. Die Verzerrungen sind so gering, dass sie \u00fcber kein Messger\u00e4t darstellbar sind. In einigen F\u00e4llen k\u00f6nnen die Autoformer sogar Ihre Lautsprecher vor erheblichen Sch\u00e4den sch\u00fctzen. Die speziellen McIntosh Autoformer, mit denen McIntosh mehr als 60 Jahre Erfahrung hat, sind ein wesentlicher Baustein des ber\u00fchmten McIntosh Klangs.<\/p>\n<\/div>\n<\/div>\n<h4>Technische Daten<\/h4>\n<div>\n<div class=\"offcanvas-body\">\n<div class=\"owntabs-tab1-tab-pane-container tab-pane-container\">\n<ul>\n<li><i>Minimale Dauerleistung: 350 Watt bei 2, 4 und 8 Ohm<\/i><\/li>\n<li><i>Maximum Total Harmonic Distortion Vorstufe: 0,03%<\/i><\/li>\n<li><i>Maximum Total Harmonic Distortion Endstufe: 0,005%<\/i><\/li>\n<li><i>Frequenzgang: 0 &#8211; 0,5 dB (20Hz &#8211; 20.000Hz), 0 &#8211; 3dB (10Hz &#8211; 100.000Hz)<\/i><\/li>\n<li><i>Eingangsempfindlichkeit: Phono, 2.5mV(MC) bis 2.5V(MM) (0.5mV IHF), Hochpegel, 250mV for 2.5V (50mV IHF), Power Amplifier Eingang, 1.4V<\/i><\/li>\n<li><i>Ger\u00e4uschspannungsabstand (A Gewichted): 92dB , MM 77dB, Phono MC 75dB, Endstufe: 114dB<\/i><\/li>\n<li><i>D\u00e4mpfungsfaktor: &gt; 40<\/i><\/li>\n<li><i>Hochpegeleing\u00e4nge: 6x Koaxial Stereo<\/i><\/li>\n<li><i>Hochpegeleing\u00e4nge: 2x XLR Stereo<\/i><\/li>\n<li><i>Phonoeing\u00e4nge: 1 x MM \/ 1 x MC<\/i><\/li>\n<li><i>Eing\u00e4nge Digital: 2x Coax \/ 2x Optisch \/ 1x USB \/ 1x MCT (SACD) \/ 1x HDMI (ARC)<\/i><\/li>\n<li><i>Abmessungen: 44,5 x 24 x 55,9 cm (BxHxT)<\/i><\/li>\n<li><i>Gewicht: 48,9 Kg netto (63,9 Kg inklusive Verpackung)<\/i><\/li>\n<\/ul>\n<div><\/div>\n<\/div>\n<\/div>\n<\/div>\n","protected":false},"excerpt":{"rendered":"<p>Der McIntosh MA12000 AC ist das leistungsst\u00e4rkste Vollverst\u00e4rker-Modell in der Geschichte von McIntosh. Mit 350\u202fW pro Kanal kombiniert er die klangliche W\u00e4rme einer R\u00f6hrenvorstufe mit der Pr\u00e4zision und Kraft moderner Transistortechnik. Das ikonische Design, feinste Verarbeitung und kompromisslose Klangqualit\u00e4t machen ihn zum Referenzger\u00e4t f\u00fcr anspruchsvollste Musikliebhaber.<\/p>\n","protected":false},"featured_media":6721,"template":"","meta":{"_acf_changed":false},"product_brand":[616],"product_cat":[290],"product_tag":[],"class_list":{"0":"post-6716","1":"product","2":"type-product","3":"status-publish","4":"has-post-thumbnail","6":"product_brand-mcintosh","7":"product_cat-vollverstaerker","9":"first","10":"instock","11":"shipping-taxable","12":"product-type-simple"},"acf":[],"_links":{"self":[{"href":"https:\/\/www.jupit.de\/produktwelt\/wp-json\/wp\/v2\/product\/6716","targetHints":{"allow":["GET"]}}],"collection":[{"href":"https:\/\/www.jupit.de\/produktwelt\/wp-json\/wp\/v2\/product"}],"about":[{"href":"https:\/\/www.jupit.de\/produktwelt\/wp-json\/wp\/v2\/types\/product"}],"wp:featuredmedia":[{"embeddable":true,"href":"https:\/\/www.jupit.de\/produktwelt\/wp-json\/wp\/v2\/media\/6721"}],"wp:attachment":[{"href":"https:\/\/www.jupit.de\/produktwelt\/wp-json\/wp\/v2\/media?parent=6716"}],"wp:term":[{"taxonomy":"product_brand","embeddable":true,"href":"https:\/\/www.jupit.de\/produktwelt\/wp-json\/wp\/v2\/product_brand?post=6716"},{"taxonomy":"product_cat","embeddable":true,"href":"https:\/\/www.jupit.de\/produktwelt\/wp-json\/wp\/v2\/product_cat?post=6716"},{"taxonomy":"product_tag","embeddable":true,"href":"https:\/\/www.jupit.de\/produktwelt\/wp-json\/wp\/v2\/product_tag?post=6716"}],"curies":[{"name":"wp","href":"https:\/\/api.w.org\/{rel}","templated":true}]}}