{"id":6463,"date":"2025-06-11T16:17:13","date_gmt":"2025-06-11T14:17:13","guid":{"rendered":"https:\/\/www.jupit.de\/produktwelt\/?post_type=product&#038;p=6463"},"modified":"2026-02-04T13:05:48","modified_gmt":"2026-02-04T12:05:48","slug":"lyngdorf-fr-1","status":"publish","type":"product","link":"https:\/\/www.jupit.de\/produktwelt\/produkt\/lautsprecher\/kompaktlautsprecher\/lyngdorf-fr-1\/","title":{"rendered":"Lyngdorf FR-1 &#8211; Kompaktlautsprecher"},"content":{"rendered":"<h2>DER AUDIOPHILE VOLLBEREICHS-LAUTSPRECHER von Lyngdorf<\/h2>\n<p>Dieser Zwei-Wege-Breitbandlautsprecher bringt die kompakten Lautsprecherkonstruktionen auf ein neues Leistungsniveau mit der f\u00fcr Lyngdorf Audio charakteristischen echten Musikalit\u00e4t. Der Fokus auf dynamische Leistung f\u00fchrte zu einem geschlossenen Geh\u00e4usedesign mit einer gro\u00dfen Slave-Einheit, die die interne Resonanzfrequenz unterdr\u00fcckt und tiefe B\u00e4sse aus diesem eleganten, flachen Geh\u00e4use erm\u00f6glicht.<\/p>\n<p>Der FR-1 ist f\u00fcr die Wandmontage konzipiert, er ist kompakt und solide und unterstreicht den Anspruch an dynamische Musikwiedergabe, ohne dabei die nat\u00fcrliche Klangfarbe zu beeintr\u00e4chtigen. Die Tiefe des Geh\u00e4uses ist auf ein Minimum reduziert, um eine dezente\u00a0 und Wand-nahe Platzierung zu gew\u00e4hrleisten, um so eine optimale Ankopplung an den Raum zu erm\u00f6glichen.<\/p>\n<div class=\"et_pb_row et_pb_row_3\">\n<div class=\"et_pb_column et_pb_column_4_4 et_pb_column_5 et_pb_css_mix_blend_mode_passthrough et-last-child\">\n<div class=\"et_pb_module et_pb_text et_pb_text_2 et_pb_text_align_left et_pb_bg_layout_light\">\n<div class=\"et_pb_text_inner\">\n<h3><strong>SPIELT AUSGEZEICHNET OHNE SUBWOOFER<\/strong><\/h3>\n<p>Mit einem neuen leistungsstarken 6.5 Zoll-Treiber und dem zus\u00e4tzlichen Ausgang der Slave-Einheit ben\u00f6tigt der FR-1 keine Unterst\u00fctzung durch einen Subwoofer. Der Treiber ist mit einem starken Magneten ausgestattet und zusammen mit der unterst\u00fctzenden 8 Zoll-Slave-Einheit ist die Tieftonleistung in einem so kleinen Geh\u00e4use unerreicht. Die Stimmen sind au\u00dfergew\u00f6hnlich offen und die \u00dcberg\u00e4nge sind dicht und sauber, was den FR-1 zur optimalen Wahl f\u00fcr eine elegante Medieninstallation zu Hause macht.<\/p>\n<p>Wenn Sie die Leistung noch weiter verbessern wollen, ist ein Satz Lyngdorf BW-2-Subwoofer die perfekte Erg\u00e4nzung. Dadurch k\u00f6nnen Sie noch tiefere B\u00e4sse und eine h\u00f6here Gesamtleistung erzielen.<\/p>\n<\/div>\n<\/div>\n<\/div>\n<\/div>\n<div class=\"et_pb_row et_pb_row_4\">\n<div class=\"et_pb_column et_pb_column_4_4 et_pb_column_6 et_pb_css_mix_blend_mode_passthrough et-last-child\">\n<div class=\"et_pb_module et_pb_text et_pb_text_3 et_pb_text_align_left et_pb_bg_layout_light\">\n<div class=\"et_pb_text_inner\">\n<h4><strong>BEEINDRUCKENDE KLANGB\u00dcHNE<\/strong><\/h4>\n<p>Die Lautsprechermembranen bestehen aus Aluminium, das leicht und versteift ist und mit einem einzigen, genau definierten Bruchpunkt konstruiert wurde, dem in den internen Filtern leicht entgegengewirkt werden kann. Die Gewebe-Hochtonkalotte aus dem Lyngdorf MH-2 wurde entsprechend der h\u00f6heren Leistung angepa\u00dft. Das Ergebnis \u00fcberzeugt durch hohe Sensibilit\u00e4t und beeindruckende Klangb\u00fchne.<\/p>\n<p><strong>SPEZIFIKATIONEN<\/strong><\/p>\n<\/div>\n<\/div>\n<\/div>\n<\/div>\n<p><u>Beschreibung<\/u>:\u00a02-Wege-Lautsprecher mit Slave-Einheit<\/p>\n<p><u>Belastbarkeit:<\/u>\u00a0100 W<\/p>\n<p><u>Nennimpedanz:<\/u>\u00a04 Ohm<\/p>\n<p><u>Hocht\u00f6ner:<\/u>\u00a0Gr\u00f6\u00dfe 1 Zoll, textile weiche Kuppel, PTC-Schutz<\/p>\n<p><u>Mittelt\u00f6ner:<\/u>\u00a0Gr\u00f6\u00dfe 6,5Zoll, 35 mm Schwingspule, Kegelmaterial: Aluminium, Druckguss Korb, bel\u00fcfteter Magnet<\/p>\n<p><u>Slave-Einheit:<\/u>\u00a0Gr\u00f6\u00dfe 8 Zoll<u>Geh\u00e4use:<\/u>\u00a0Portiert mit Slave, vollst\u00e4ndige MDF-Konstruktion, Volumen: 13,5 Liter<\/p>\n<p><u>Frequenzgang:<\/u>\u00a050 bis 20.000 Hz\u00a0(-3 dB\u00a0)<\/p>\n<p><u>Empfindlichkeit:<\/u>\u00a089 dB (2,87 V \/ 1 m)<\/p>\n<p><u>\u00dcbergangspunkt:<\/u>\u00a02,2 kHz<\/p>\n<p><u>Anschl\u00fcsse:<\/u>\u00a0Bindepfosten<\/p>\n<p><u>Platzierungsoptionen:<\/u>\u00a0Wandhalterung inklusive, vorbereitet f\u00fcr alternative Halterungen (M4-Buchsen)<\/p>\n<p><u>Abmessungen (B x H x T):<\/u>\u00a034,0 x 57,0 x 11,5 cm<\/p>\n<p><u>Gewicht:<\/u>\u00a08,4 kg<\/p>\n","protected":false},"excerpt":{"rendered":"<p>Der <strong data-start=\"42\" data-end=\"59\">Lyngdorf FR-1<\/strong> ist ein schlanker, wandnaher Lautsprecher mit pr\u00e4zisem, kontrolliertem Klang und hoher Sprachverst\u00e4ndlichkeit. Entwickelt f\u00fcr elegante Wohnraum- und Heimkino-Installationen, bietet er dynamische Wiedergabe, geringe Aufstellungsanforderungen und ideale Kombination mit Lyngdorf-Subwoofern.<\/p>\n","protected":false},"featured_media":6465,"template":"","meta":{"_acf_changed":false},"product_brand":[447],"product_cat":[277,301],"product_tag":[],"class_list":{"0":"post-6463","1":"product","2":"type-product","3":"status-publish","4":"has-post-thumbnail","6":"product_brand-lyngdorf","7":"product_cat-lautsprecher","8":"product_cat-kompaktlautsprecher","10":"first","11":"instock","12":"shipping-taxable","13":"product-type-simple"},"acf":[],"_links":{"self":[{"href":"https:\/\/www.jupit.de\/produktwelt\/wp-json\/wp\/v2\/product\/6463","targetHints":{"allow":["GET"]}}],"collection":[{"href":"https:\/\/www.jupit.de\/produktwelt\/wp-json\/wp\/v2\/product"}],"about":[{"href":"https:\/\/www.jupit.de\/produktwelt\/wp-json\/wp\/v2\/types\/product"}],"wp:featuredmedia":[{"embeddable":true,"href":"https:\/\/www.jupit.de\/produktwelt\/wp-json\/wp\/v2\/media\/6465"}],"wp:attachment":[{"href":"https:\/\/www.jupit.de\/produktwelt\/wp-json\/wp\/v2\/media?parent=6463"}],"wp:term":[{"taxonomy":"product_brand","embeddable":true,"href":"https:\/\/www.jupit.de\/produktwelt\/wp-json\/wp\/v2\/product_brand?post=6463"},{"taxonomy":"product_cat","embeddable":true,"href":"https:\/\/www.jupit.de\/produktwelt\/wp-json\/wp\/v2\/product_cat?post=6463"},{"taxonomy":"product_tag","embeddable":true,"href":"https:\/\/www.jupit.de\/produktwelt\/wp-json\/wp\/v2\/product_tag?post=6463"}],"curies":[{"name":"wp","href":"https:\/\/api.w.org\/{rel}","templated":true}]}}