{"id":6430,"date":"2025-05-31T11:32:24","date_gmt":"2025-05-31T09:32:24","guid":{"rendered":"https:\/\/www.jupit.de\/produktwelt\/?post_type=product&#038;p=6430"},"modified":"2026-02-04T13:19:03","modified_gmt":"2026-02-04T12:19:03","slug":"audio-analogue-aa-100-dm","status":"publish","type":"product","link":"https:\/\/www.jupit.de\/produktwelt\/produkt\/stereo-verstaerker\/endverstaerker\/audio-analogue-aa-100-dm\/","title":{"rendered":"Audio Analogue AA 100 DM Endstufe"},"content":{"rendered":"<div class=\"icon-text\">\n<div class=\"icon-text__text\">\n<h2>Der neueste Vertreter der PureAA-Serie.<\/h2>\n<div>Die verwendeteVerst\u00e4rkungsstufe ist von der des Puccini Anniversary abgeleitet, aber in diesem Fall<\/div>\n<div>wurde die Ausgangsleistung auf 100W erh\u00f6ht. Die AA100DM ist ein sehr vielseitiger<\/div>\n<div>Verst\u00e4rker, der dank seiner Leistung, Steuerbarkeit und Musikalit\u00e4t auf h\u00f6chstem<\/div>\n<div>Niveau f\u00fcr verschiedene Anwendungen bestimmt ist.<\/div>\n<\/div>\n<\/div>\n<div class=\"icon-text\">\n<div class=\"icon-text__icon anim-fade-up\"><\/div>\n<\/div>\n<div class=\"icon-text__text\">\n<div>Wie beim Puccini Anniversary ist die Leistungsstufe ohne globale R\u00fcckkopplung<\/div>\n<div>und daher weniger empfindlich gegen\u00fcber der Art der Last, die sie steuert, ohne<\/div>\n<div>Tendenz zum Schwingen, ohne Resonanzspitzen in hoher Frequenz, ohne S\u00e4ttigung<\/div>\n<div>in der Eingangsstufe und mit einer vollst\u00e4ndig ausgeglichenen Schaltung.<\/div>\n<\/div>\n<div>\n<div class=\"content split-anim-fade-up\">\n<div>\n<p>Voll balancierter Leistungsverst\u00e4rker ohne R\u00fcckkopplung.<\/p>\n<\/div>\n<div>\n<p>Dual-Mono-Schaltung mit diskreten Komponenten. Widerst\u00e4nde gem\u00e4\u00df milit\u00e4rischer Normen, Kondensatoren aus Polypropylen.<\/p>\n<\/div>\n<div>\n<p>760VA-Transformator, sechs Paare von Endtransistoren On-Semiconductor (drei pro Kanal).<\/p>\n<\/div>\n<div>\n<p>Interne Verkabelung mit Leitern in reinstem Festkupfer 7N OCC, vergoldete Ausgangsanschl\u00fcsse.<\/p>\n<\/div>\n<div>\n<p>Konfigurierbar Mono-Br\u00fccke mit speziellem Kit f\u00fcr die Verbindung.<\/p>\n<\/div>\n<div>\n<p>Erh\u00e4ltlich in den Ausf\u00fchrungen Aluminium Natur oder schwarz satiniert.<\/p>\n<\/div>\n<div class=\"product-table\">\n<div class=\"anim-fade-up\">\n<div class=\"product-table__row\">\n<div class=\"product-table__key\"><strong>Anzahl der Kan\u00e4le<\/strong><\/div>\n<div class=\"product-table__value\">2<\/div>\n<\/div>\n<\/div>\n<div class=\"anim-fade-up\">\n<div class=\"product-table__row\">\n<div class=\"product-table__key\"><strong>RCA-Eing\u00e4nge<\/strong><\/div>\n<div class=\"product-table__value\">1<\/div>\n<\/div>\n<\/div>\n<div class=\"anim-fade-up\">\n<div class=\"product-table__row\">\n<div class=\"product-table__key\"><strong>XLR-Eing\u00e4nge<\/strong><\/div>\n<div class=\"product-table__value\">1<\/div>\n<\/div>\n<\/div>\n<div class=\"anim-fade-up\">\n<div class=\"product-table__row\">\n<div class=\"product-table__key\"><strong>Eingangsimpedanz<\/strong><\/div>\n<div class=\"product-table__value\">47 k\u2126<\/div>\n<\/div>\n<\/div>\n<div class=\"anim-fade-up\">\n<div class=\"product-table__row\">\n<div class=\"product-table__key\"><strong>Gewinn<\/strong><\/div>\n<div class=\"product-table__value\">26dB<\/div>\n<\/div>\n<\/div>\n<div class=\"anim-fade-up\">\n<div class=\"product-table__row\">\n<div class=\"product-table__key\"><strong>Leistung bei Last 8\u03a9<\/strong><br \/>\nEin Kanal in Betrieb<\/div>\n<div class=\"product-table__value\">100W @ 1% THD (400W im Mono-Modus)<\/div>\n<\/div>\n<\/div>\n<div class=\"anim-fade-up\">\n<div class=\"product-table__row\">\n<div class=\"product-table__key\"><strong>Leistung bei Last 4\u03a9<\/strong><br \/>\nEin Kanal in Betrieb<\/div>\n<div class=\"product-table__value\">200W @ 1% THD (700W im Mono-Modus)<\/div>\n<\/div>\n<\/div>\n<div class=\"anim-fade-up\">\n<div class=\"product-table__row\">\n<div class=\"product-table__key\"><strong>Leistung bei Last 2\u03a9<\/strong><br \/>\nEin Kanal in Betrieb<\/div>\n<div class=\"product-table__value\">320W @ 1% THD<\/div>\n<\/div>\n<\/div>\n<div class=\"anim-fade-up\">\n<div class=\"product-table__row\">\n<div class=\"product-table__key\"><strong>Empfindlichkeit<\/strong><br \/>\n100W, auf 8\u03a9<\/div>\n<div class=\"product-table__value\">1.4 VRMS<\/div>\n<\/div>\n<\/div>\n<div class=\"anim-fade-up\">\n<div class=\"product-table__row\">\n<div class=\"product-table__key\"><strong>Frequenzgang<\/strong><br \/>\nD\u00e4mpfung 0dB, Band bei -3dB<\/div>\n<div class=\"product-table__value\">95 KHz<\/div>\n<\/div>\n<\/div>\n<div class=\"anim-fade-up\">\n<div class=\"product-table__row\">\n<div class=\"product-table__key\"><strong>Ausgangswiderstand<\/strong><br \/>\nNennleistung bei 8\u03a9 bei 1kHz<\/div>\n<div class=\"product-table__value\">0.25 \u03a9<\/div>\n<\/div>\n<\/div>\n<div class=\"anim-fade-up\">\n<div class=\"product-table__row\">\n<div class=\"product-table__key\"><strong>Ger\u00e4usche am Eingang<\/strong><br \/>\nGewichtet A<\/div>\n<div class=\"product-table__value\">\u22483 \u03bcV<\/div>\n<\/div>\n<\/div>\n<div class=\"anim-fade-up\">\n<div class=\"product-table__row\">\n<div class=\"product-table__key\"><strong>Signal-Rausch-Verh\u00e4ltnis (SRV)<\/strong><br \/>\nNennleistung 8\u03a9, gewichtet A<\/div>\n<div class=\"product-table__value\">&gt;110 dB<\/div>\n<\/div>\n<\/div>\n<div class=\"anim-fade-up\">\n<div class=\"product-table__row\">\n<div class=\"product-table__key\"><strong>Absorption im Standby Modus<\/strong><br \/>\n230VAC<\/div>\n<div class=\"product-table__value\">&lt;1 W<\/div>\n<\/div>\n<\/div>\n<div class=\"anim-fade-up\">\n<div class=\"product-table__row\">\n<div class=\"product-table__key\"><strong>Gr\u00f6\u00dfe<\/strong><br \/>\nHxBxT<\/div>\n<div class=\"product-table__value\">120x445x390mm<\/div>\n<\/div>\n<\/div>\n<div class=\"anim-fade-up\">\n<div class=\"product-table__row\">\n<div class=\"product-table__key\"><strong>Gewicht<\/strong><\/div>\n<div class=\"product-table__value\">15.5kg<\/div>\n<\/div>\n<\/div>\n<\/div>\n<\/div>\n<\/div>\n","protected":false},"excerpt":{"rendered":"<p>Der <strong data-start=\"53\" data-end=\"81\">Audio Analogue AA 100 DM<\/strong> ist ein kraftvoller Stereo-Endverst\u00e4rker mit diskretem Aufbau, hoher Stromlieferf\u00e4higkeit und musikalischer Abstimmung. Entwickelt f\u00fcr anspruchsvolle Lautsprecher, bietet er pr\u00e4zise Kontrolle, dynamische Wiedergabe und klassische Audio-Analogue-Klangkultur f\u00fcr hochwertige Stereo-Systeme.<\/p>\n","protected":false},"featured_media":6431,"template":"","meta":{"_acf_changed":false},"product_brand":[493],"product_cat":[293],"product_tag":[],"class_list":{"0":"post-6430","1":"product","2":"type-product","3":"status-publish","4":"has-post-thumbnail","6":"product_brand-audio-analogue","7":"product_cat-endverstaerker","9":"first","10":"instock","11":"shipping-taxable","12":"product-type-simple"},"acf":[],"_links":{"self":[{"href":"https:\/\/www.jupit.de\/produktwelt\/wp-json\/wp\/v2\/product\/6430","targetHints":{"allow":["GET"]}}],"collection":[{"href":"https:\/\/www.jupit.de\/produktwelt\/wp-json\/wp\/v2\/product"}],"about":[{"href":"https:\/\/www.jupit.de\/produktwelt\/wp-json\/wp\/v2\/types\/product"}],"wp:featuredmedia":[{"embeddable":true,"href":"https:\/\/www.jupit.de\/produktwelt\/wp-json\/wp\/v2\/media\/6431"}],"wp:attachment":[{"href":"https:\/\/www.jupit.de\/produktwelt\/wp-json\/wp\/v2\/media?parent=6430"}],"wp:term":[{"taxonomy":"product_brand","embeddable":true,"href":"https:\/\/www.jupit.de\/produktwelt\/wp-json\/wp\/v2\/product_brand?post=6430"},{"taxonomy":"product_cat","embeddable":true,"href":"https:\/\/www.jupit.de\/produktwelt\/wp-json\/wp\/v2\/product_cat?post=6430"},{"taxonomy":"product_tag","embeddable":true,"href":"https:\/\/www.jupit.de\/produktwelt\/wp-json\/wp\/v2\/product_tag?post=6430"}],"curies":[{"name":"wp","href":"https:\/\/api.w.org\/{rel}","templated":true}]}}