{"id":6366,"date":"2025-05-21T17:31:53","date_gmt":"2025-05-21T15:31:53","guid":{"rendered":"https:\/\/www.jupit.de\/produktwelt\/?post_type=product&#038;p=6366"},"modified":"2026-02-04T15:36:31","modified_gmt":"2026-02-04T14:36:31","slug":"lyngdorf-tdai-3400","status":"publish","type":"product","link":"https:\/\/www.jupit.de\/produktwelt\/produkt\/streaming-verstaerker\/lyngdorf-tdai-3400\/","title":{"rendered":"Lyngdorf TDAI-3400 &#8211; Verst\u00e4rker"},"content":{"rendered":"<h2>DER LEISTUNGSST\u00c4RKSTE VOLLVERST\u00c4RKER VON LYNGDORF<\/h2>\n<h3><strong>INTEGRIERTER VERST\u00c4RKER UND AUDIO PROZESSOR<\/strong><\/h3>\n<p>Mit extremen Audioverarbeitungsoptionen in Kombination mit der leistungsst\u00e4rksten und fortschrittlichsten digitalen Verst\u00e4rkertechnologie ist der TDAI-3400 der bisher leistungsf\u00e4higste Vollverst\u00e4rker von Lyngdorf Audio.<\/p>\n<p><strong>PASSEN SIE IHR SETUP UND IHREN SOUND AN<\/strong><\/p>\n<p>Mit der propriet\u00e4ren Raumkorrektur-Software RoomPerfectTM, die den negativen Einfluss des H\u00f6rraums eliminiert, liefert der TDAI-3400 einen perfekten Klang, ohne dass umfangreiche Ver\u00e4nderungen im Raum erforderlich werden.<\/p>\n<p>\u00dcber die Webschnittstelle k\u00f6nnen Sie zus\u00e4tzlich alle Einstellungen vornehmen, wodurch Sie Ihren TDAI 3400 optimal auf Ihre Bed\u00fcrfnisse einstellen k\u00f6nnen.<\/p>\n<p><strong>AUDIO- UND VIDEOQUELLEN ANSCHLIESSEN<\/strong><\/p>\n<p>Eine Vielzahl von Ein- und Ausg\u00e4ngen bietet zahlreiche Optionen zum Anschlie\u00dfen Ihrer Audio- und Videoquellen sowie Ihrer Lautsprecherkonfiguration.<\/p>\n<p><strong>EIN EINGEBAUTER MEDIAPLAYER<\/strong><\/p>\n<p>Der TDAI-3400 akzeptiert alle Medienschnittstellen und verf\u00fcgt \u00fcber einen integrierten Media-Player mit h\u00f6chster Wiedergabequalit\u00e4t. \u00dcber Ihr lokales Netzwerk oder die USB-Anschl\u00fcsse k\u00f6nnen Sie \u00fcber den DLNA \/ UPnP-f\u00e4higen Player auf Ihre gesamte Musikbibliothek zugreifen. Dieser Mediaplayer stellt auch eine Verbindung zu Streaming-Diensten wie Roon Ready, Spotify Connect und Airplay sowie zum Internetradio her.<\/p>\n<p><strong>ROON READY<\/strong><\/p>\n<p>Roon ist die unterhaltsamste und effektivste Art, Ihre Musik zu durchsuchen. Roon-f\u00e4hig zu sein, bedeutet, dass der Lyngdorf TDAI-3400 Roon transparent und ohne Netzwerk-Konfiguration erkennt und eine Verbindung zu ihm herstellt.<\/p>\n<p>Zusammen bieten Roon und Lyngdorf Audio die Leistungsflexibilit\u00e4t und die Leistungsvorteile von vernetztem Audio bei einfachster Einrichtung und h\u00f6chster Zuverl\u00e4ssigkeit.<\/p>\n<div class=\"et_pb_column et_pb_column_3_4 et_pb_column_12 et_pb_css_mix_blend_mode_passthrough\">\n<div class=\"et_pb_module et_pb_text et_pb_text_7 et_pb_text_align_left et_pb_bg_layout_light\">\n<div class=\"et_pb_text_inner\">\n<p><strong>STEUERUNG MIT DER LYNGDORF-APP<\/strong><\/p>\n<p>Die Lyngdorf-Remote-Anwendung erkennt automatisch den TDAI-3400, der mit Ihrem lokalen Netzwerk verbunden ist, und Sie k\u00f6nnen alle grundlegenden Funktionen wie die Eingangsauswahl und den Lautst\u00e4rkepegel von Ihrem Handheld-Ger\u00e4t aus anpassen.<\/p>\n<p>Der eingebaute Media Player kann direkt gesteuert werden, und Sie k\u00f6nnen auf Musikdateien zugreifen, die auf mit dem Lyngdorf TDAI-3400 verbundenen USB-Sticks gespeichert sind, sowie nach allen Dateien suchen, die auf Ihren lokalen Festplatten gespeichert sind.\u00a0Wenn Sie nach links und rechts wischen, erhalten Sie Zugriff auf Titelbilder und werden \u00fcber die Signalaufl\u00f6sung informiert.<\/p>\n<p>Die Lyngdorf Remote-Anwendung kann kostenlos von iOS und Android heruntergeladen werden<\/p>\n<div class=\"et_pb_module et_pb_text et_pb_text_10 et_pb_text_align_left et_pb_bg_layout_light\">\n<div class=\"et_pb_text_inner\">\n<h4><strong>Lyngdorf Audio bringt H<\/strong><strong>DMI 2.1\u00a0<\/strong><strong>als Upgrade-Modul f\u00fcr den\u00a0<\/strong><strong>Digitalverst\u00e4rker TDAI-3400 auf den Markt.<\/strong><\/h4>\n<p>Lyngdorf Audio stellt ein neues HDMI 2.1 Upgrade-Modul f\u00fcr den Digitalverst\u00e4rker TDAI-3400 vor. Das leis-tungsst\u00e4rkste TDAI-Modell ist bereits von Anfang an mit verschiedenen Modulen erh\u00e4ltlich, zum Beispiel mit hochwertigem Analog\/Phono-Modul sowie zun\u00e4chst HDMI 1.4 und sp\u00e4ter HDMI 2.0.<\/p>\n<p>Ab M\u00e4rz 2023 wird HDMI 2.1 als\u00a0optionales Modul\u00a0f\u00fcr neue TDAI-3400 erh\u00e4ltlich sein, ebenso wie Modul-Upgrades f\u00fcr bestehende TDAI-3400. Das neue Modul bietet zwei HDMI-Eing\u00e4nge f\u00fcr verschiedene Quellen sowie einen HDMI-Ausgang und einen eARC-Anschluss.<\/p>\n<p>Die wichtigsten HDMI 2.1-Merkmale:<\/p>\n<p>\u00b7\u00a0\u00a0\u00a0\u00a0\u00a0\u00a0 8K 50\/60Hz und 4K 100\/120Hz<\/p>\n<p>\u00b7\u00a0\u00a0\u00a0\u00a0\u00a0\u00a0 Enhanced Audio Return Channel (eARC)<\/p>\n<p>\u00b7\u00a0\u00a0\u00a0\u00a0\u00a0\u00a0 Auto Low Latency Mode (ALLM) und Variable Refresh Rate (VRR)<\/p>\n<p>\u00b7\u00a0\u00a0\u00a0\u00a0\u00a0\u00a0 Static und Dynamic HDR f\u00fcr erweiterten Dynamikumfang und Wide Color Gamut<\/p>\n<p>\u00b7\u00a0\u00a0\u00a0\u00a0\u00a0\u00a0 HDCP 2.3 Premium Content Protection.<\/p>\n<\/div>\n<\/div>\n<\/div>\n<\/div>\n<\/div>\n","protected":false},"excerpt":{"rendered":"<p>Der <strong data-start=\"47\" data-end=\"69\">Lyngdorf TDAI-3400<\/strong> ist ein leistungsstarker High-End-Streaming-Vollverst\u00e4rker mit volldigitaler Signalverarbeitung und der bew\u00e4hrten <strong data-start=\"184\" data-end=\"214\">RoomPerfect\u2122-Raumkorrektur<\/strong>. Er kombiniert enorme Kontrolle, pr\u00e4zisen Klang und flexible Anschlussm\u00f6glichkeiten zu einer kompromisslosen All-in-One-L\u00f6sung f\u00fcr anspruchsvolle Stereo- und Heimkino-Setups.<\/p>\n","protected":false},"featured_media":6367,"template":"","meta":{"_acf_changed":false},"product_brand":[447],"product_cat":[275],"product_tag":[],"class_list":{"0":"post-6366","1":"product","2":"type-product","3":"status-publish","4":"has-post-thumbnail","6":"product_brand-lyngdorf","7":"product_cat-streaming-verstaerker","9":"first","10":"instock","11":"shipping-taxable","12":"product-type-simple"},"acf":[],"_links":{"self":[{"href":"https:\/\/www.jupit.de\/produktwelt\/wp-json\/wp\/v2\/product\/6366","targetHints":{"allow":["GET"]}}],"collection":[{"href":"https:\/\/www.jupit.de\/produktwelt\/wp-json\/wp\/v2\/product"}],"about":[{"href":"https:\/\/www.jupit.de\/produktwelt\/wp-json\/wp\/v2\/types\/product"}],"wp:featuredmedia":[{"embeddable":true,"href":"https:\/\/www.jupit.de\/produktwelt\/wp-json\/wp\/v2\/media\/6367"}],"wp:attachment":[{"href":"https:\/\/www.jupit.de\/produktwelt\/wp-json\/wp\/v2\/media?parent=6366"}],"wp:term":[{"taxonomy":"product_brand","embeddable":true,"href":"https:\/\/www.jupit.de\/produktwelt\/wp-json\/wp\/v2\/product_brand?post=6366"},{"taxonomy":"product_cat","embeddable":true,"href":"https:\/\/www.jupit.de\/produktwelt\/wp-json\/wp\/v2\/product_cat?post=6366"},{"taxonomy":"product_tag","embeddable":true,"href":"https:\/\/www.jupit.de\/produktwelt\/wp-json\/wp\/v2\/product_tag?post=6366"}],"curies":[{"name":"wp","href":"https:\/\/api.w.org\/{rel}","templated":true}]}}