{"id":6363,"date":"2025-05-21T17:23:02","date_gmt":"2025-05-21T15:23:02","guid":{"rendered":"https:\/\/www.jupit.de\/produktwelt\/?post_type=product&#038;p=6363"},"modified":"2026-02-04T12:38:16","modified_gmt":"2026-02-04T11:38:16","slug":"lyngdorf-mp-40-2-1","status":"publish","type":"product","link":"https:\/\/www.jupit.de\/produktwelt\/produkt\/surround-geraete-mehrkanal\/lyngdorf-mp-40-2-1\/","title":{"rendered":"Lyngdorf MP-40 &#8211; 2.1 Mehrkanal Vorverst\u00e4rker"},"content":{"rendered":"<h2>DER NEUE MULTI-PROZESSOR<\/h2>\n<p>Nach dem der gro\u00dfem Erfolg des 16 Kanal-Multi-Prozessor MP-60 bringt Lyngdorf nun seinen \u201ekleinen Bruder\u201c auf den Markt: den\u00a0Multi-Prozessor\u00a0MP-40.<\/p>\n<p>Der Surround-Sound-Prozessor MP-40 von Lyngdorf Audio bietet hervorragende klangliche Qualit\u00e4ten und ist pr\u00e4destiniert f\u00fcr den Einsatz in \u201ekleineren\u201c Heimkinos. Der neue Einstieg in die Heimkinowelt von Lyngdorf ist gewohnt einfach und benutzer-freundlich zu installieren und ist in der Lage 12 Kan\u00e4le zu verarbeiten. Gleichzeitig verf\u00fcgt der MP-40\u00a0\u00fcber das aktuelle HDMI 2.0b-Board.<\/p>\n<p>Seine hochwertige Verarbeitung und sein elegantes Design stehen dem MP-60 in nichts nach.<\/p>\n<p><strong>HOCHMODERNE HDMI-VERARBEITUNG<\/strong><\/p>\n<p>Der neue Lyngdorf-Prozessor unterst\u00fctzt die immersiven Surround-Formate DOLBY ATMOS\u00ae, DTS:X\u00ae und AURO-3D\u00ae.<\/p>\n<p>Der MP-40 verf\u00fcgt \u00fcber 12 native Kanal-Decodierungen und 16 symmetrische Audioausg\u00e4nge.<\/p>\n<p>Der Prozessor unterst\u00fctzt die immersiven Surround-Formate DOLBY ATMOS\u00ae, DTS:X\u00ae und AURO-3D\u00ae.<\/p>\n<p><strong>ROOMPERFECT\u2122 RAUMKORREKTUR<\/strong><\/p>\n<p>Der MP-40 ist mit der von Lyngdorf Audio entwickelten RoomPerfect\u2122 Kalibrierungstechnologie\u00a0 ausgestattet, der weltweit ausgereiftesten Technologie zur Anpassung des Soundsystems an die Umgebung. Die RoomPerfect\u2122 Kalibrierung gew\u00e4hrleistet ein perfektes Surround-Sound-Erlebnis in nahezu jeder Installationsumgebung, das vieles in und \u00fcber seiner Preisklasse \u00fcbertrifft.<\/p>\n<p><strong>STEUERN SIE DEN MP-40 MIT EINER APP.<\/strong><\/p>\n<p>Die Lyngdorf Remote-Anwendung erkennt automatisch den MP-40, wenn er mit Ihrem lokalen Netzwerk verbunden ist, und Sie sind in der Lage, alle Grundfunktionen wie Eingangswahl und Lautst\u00e4rke von Ihrem Mobilger\u00e4t aus einzustellen. Der eingebaute Mediaplayer kann direkt gesteuert werden. \u00a0Wenn Sie nach links und rechts bl\u00e4ttern, haben Sie Zugriff auf Coverbilder und k\u00f6nnen sich \u00fcber die Signalaufl\u00f6sung informieren.Die Lyngdorf Remote-Anwendung kann sowohl von IOS als auch von Android kostenlos heruntergeladen werden.<\/p>\n<p><strong>DIE HIGHLIGHTS DES MP-40 IM \u00dcBERBLIC<\/strong><\/p>\n<p>\u2013 Ausg\u00e4nge f\u00fcr 12 Audiokan\u00e4le<br \/>\n\u2013 drei HDMI-Eing\u00e4nge und ein Ausgang<br \/>\n\u2013 unterst\u00fctzt HDMI 2.0b<br \/>\n\u2013 HDMI 2.1-Funktion eARC und Dynamic Lip-Sync<br \/>\n\u2013 volle Unterst\u00fctzung von DOLBY ATMOS\u00ae, DTS.X\u00ae und AURO-3D\u00ae<br \/>\n\u2013 RoomPerfect\u2122 Raumkorrektur<br \/>\n\u2013 Video-Verarbeitung von bis zu 18 Gbps<br \/>\n\u2013 Unterst\u00fctzt vollen 4K-60Hz-Videostandard<br \/>\n\u2013 Unterst\u00fctzt die Weitergabe des neuen HDR-Formats, HLG<\/p>\n<p>Der MP-40 verf\u00fcgt \u00fcber einen\u00a0eingebauten Media-Player, der folgende Funktionen\/Dienste unterst\u00fctzt:<\/p>\n<p>\u2013 Spotify<br \/>\n\u2013 Airplay<br \/>\n\u2013 Upnp<br \/>\n\u2013 Roon<br \/>\n\u2013 Internet-Radio<\/p>\n","protected":false},"excerpt":{"rendered":"<p>Der <strong data-start=\"47\" data-end=\"69\">Lyngdorf MP-40 2.1<\/strong> ist ein kompakter High-End-Mehrkanalprozessor mit der bew\u00e4hrten <strong data-start=\"134\" data-end=\"164\">RoomPerfect\u2122-Raumkorrektur<\/strong>. Er bietet pr\u00e4zise Signalverarbeitung, flexible Anschlussm\u00f6glichkeiten und au\u00dfergew\u00f6hnliche Klangkontrolle f\u00fcr hochwertige Heimkino- und Stereo-Setups.<\/p>\n","protected":false},"featured_media":6364,"template":"","meta":{"_acf_changed":false},"product_brand":[447],"product_cat":[567],"product_tag":[],"class_list":{"0":"post-6363","1":"product","2":"type-product","3":"status-publish","4":"has-post-thumbnail","6":"product_brand-lyngdorf","7":"product_cat-surround-geraete-mehrkanal","9":"first","10":"instock","11":"shipping-taxable","12":"product-type-simple"},"acf":[],"_links":{"self":[{"href":"https:\/\/www.jupit.de\/produktwelt\/wp-json\/wp\/v2\/product\/6363","targetHints":{"allow":["GET"]}}],"collection":[{"href":"https:\/\/www.jupit.de\/produktwelt\/wp-json\/wp\/v2\/product"}],"about":[{"href":"https:\/\/www.jupit.de\/produktwelt\/wp-json\/wp\/v2\/types\/product"}],"wp:featuredmedia":[{"embeddable":true,"href":"https:\/\/www.jupit.de\/produktwelt\/wp-json\/wp\/v2\/media\/6364"}],"wp:attachment":[{"href":"https:\/\/www.jupit.de\/produktwelt\/wp-json\/wp\/v2\/media?parent=6363"}],"wp:term":[{"taxonomy":"product_brand","embeddable":true,"href":"https:\/\/www.jupit.de\/produktwelt\/wp-json\/wp\/v2\/product_brand?post=6363"},{"taxonomy":"product_cat","embeddable":true,"href":"https:\/\/www.jupit.de\/produktwelt\/wp-json\/wp\/v2\/product_cat?post=6363"},{"taxonomy":"product_tag","embeddable":true,"href":"https:\/\/www.jupit.de\/produktwelt\/wp-json\/wp\/v2\/product_tag?post=6363"}],"curies":[{"name":"wp","href":"https:\/\/api.w.org\/{rel}","templated":true}]}}