{"id":6345,"date":"2025-05-20T17:53:39","date_gmt":"2025-05-20T15:53:39","guid":{"rendered":"https:\/\/www.jupit.de\/produktwelt\/?post_type=product&#038;p=6345"},"modified":"2026-02-04T15:38:47","modified_gmt":"2026-02-04T14:38:47","slug":"nad-c-700-v2","status":"publish","type":"product","link":"https:\/\/www.jupit.de\/produktwelt\/produkt\/streaming-verstaerker\/nad-c-700-v2\/","title":{"rendered":"NAD C 700 V2"},"content":{"rendered":"<h2>NAD C 700 v2 BluOS\u2122 STREAMING VOLLVERST\u00c4RKER<\/h2>\n<div class=\"excerpt\">\n<h3>Der C 700 ist die ideale All-in-One-Lo\u0308sung fu\u0308r das Streaming-Zeitalter.<\/h3>\n<p>Nur zwei Lautsprecher anschlie\u00dfen, die gewu\u0308nschte Musik mit der BluOS\u2122 App auf dem Smartphone, Tablet, PC oder Mac auswa\u0308hlen und die Wiedergabe starten. NADs bewa\u0308hrte HybridDigital\u2122 UcD-Versta\u0308rkertechnologie stellt eine Dauerausgangsleistung von 2 x 80 Watt und eine Impulsleistung von 100 Watt (jeweils an 8 \u03a9) bereit und bietet somit genu\u0308gend Reserven zur Ansteuerung auch leistungshungriger Lautsprecher. Das hocheffiziente UcD-Versta\u0308rkerdesign zeichnet sich unabha\u0308ngig von der Lautsprecherlast durch ein extrem niedriges Rauschen und minimale Verzerrungen u\u0308ber das gesamte Frequenzband aus.<\/p>\n<p>Dank seines eleganten, minimalistischen Designs und der hochwertigen Geha\u0308usematerialien spricht der C 700 alle Sinne an \u2013 nicht nur das Ho\u0308ren, sondern auch das Sehen und Beru\u0308hren. Der Versta\u0308rker besitzt ein solides Aluminiumgeha\u0308use, in dessen Glasfront ein hochauflo\u0308sendes, 12,7 Zentimeter gro\u00dfes Farbdisplay integriert ist. U\u0308ber die im Display angezeigten Menu\u0308s lassen sich mit Hilfe des Drehreglers und der Navigationstasten alle Versta\u0308rkereinstellungen auf komfortable Weise anpassen.<\/p>\n<p>Und auch fu\u0308r eine bequeme Bedienung des Versta\u0308rkers vom Sitzplatz aus ist gesorgt: Neben der Steuerung aller Streaming-Funktionen u\u0308ber die intuitive BluOS\u2122 App kann der C 700 auch die Befehle jeder Infrarot-Fernbedienung lernen.<\/p>\n<h3>Modernste Technologien f\u00fcr komfortablen Musikgenuss<\/h3>\n<p>Mit seinem Ethernet-LAN-Anschluss, der Einbindung ins heimische WLAN-Netzwerk sowie der vielfach ausgezeichneten und der von der Fachpresse hochgelobten BluOS\u2122-Plattform ist der NAD C 700 ein u\u0308beraus leistungsfa\u0308higer und vielseitiger Netzwerk-Streamer. U\u0308ber die kostenlos fu\u0308r Android, Apple iOS, Kindle Fire, Windows und macOS verfu\u0308gbare BluOS\u2122-App lassen sich zahlreiche Internetradiostationen und Dutzende Streaming-Dienste auswa\u0308hlen oder die auf einem externen, an den USB-Port des C 700 angeschlossenen Laufwerk gespeicherte Musik abspielen. Zudem unterstu\u0308tzt der NAD Versta\u0308rker Spotify Connect und TIDAL Connect, so dass auch eine direkte Wiedergabe u\u0308ber die Apps dieser Dienste mo\u0308glich ist. AirPlay 2 stellt eine Verbindung zu Apple-Gera\u0308ten und iTunes-Bibliotheken her, wobei die Musikauswahl sogar u\u0308ber die Sprachsteuerung Apple Siri erfolgen kann.<\/p>\n<p>Der hochauflo\u0308sende D\/A-Wandler des C 700 verarbeitet Streams bis zu einem Datenformat von 24 Bit\/192 kHz. Somit ist auch das Abspielen verlustfreier und hochauflo\u0308sender Audiodaten der Hi Res-Angebote von Amazon Music HD, Deezer, Qobuz und TIDAL mo\u0308glich. Wie alle BluOS\u2122-fa\u0308higen Komponenten versteht sich der Versta\u0308rker zudem auf die Dekodierung und Wiedergabe von MQA-Dateien.<\/p>\n<p>Besitzer von Smarthome-Systemen der Hersteller Control4, Crestron, Elan, RTI und anderen ko\u0308nnen den NAD C 700 direkt in diese Steuersysteme integrieren. Dadurch ist eine zentrale Bedienung der Musikwiedergabe zusammen mit anderen smarten Funktionen wie der Steuerung von Beleuchtung, Jalousien, Heizung und Alarmanlagen mo\u0308glich.<\/p>\n<h3>Umfangreiche Anschlussm\u00f6glichkeiten<\/h3>\n<p>Neben seiner Netzwerk-Funktionalita\u0308t ist der C 700 fu\u0308r den Anschluss zahlreicher weiterer Audioquellen gewappnet. Er verfu\u0308gt u\u0308ber zwei analoge Cinch-Hochpegeleinga\u0308nge sowie u\u0308ber koaxiale und optische Digitaleinga\u0308nge fu\u0308r den Anschluss von CD-Playern, Spielekonsolen und anderen Komponenten. Au\u00dferdem gibt es einen HDMI eARC- Anschluss fu\u0308r ein entsprechend ausgestattetes TV-Gera\u0308t. In diesem Fall la\u0308sst sich die Lautsta\u0308rke des NAD komfortabel u\u0308ber die Fernbedienung des Fernsehers regeln.<\/p>\n<p>Die Wiedergabe von auf einem Smartphone, Tablet oder Notebook gespeicherten Musikdaten ist zudem kabellos per Bluetooth<sup>\u00ae<\/sup> aptX\u2122 HD mo\u0308glich.<\/p>\n<p>Zusa\u0308tzlich zu den Lautsprecherausga\u0308ngen ist der C 700 mit einem Subwooferausgang ausgestattet, der sich u\u0308ber die BluOS\u2122-App konfigurieren la\u0308sst. Die Einstellungen fu\u0308r den Tief- und Hochpass ermo\u0308glichen einen nahtlosen U\u0308bergang zwischen dem Subwoofer und den Hauptlautsprechern.<\/p>\n<h3>Hohe Leistung, hohe Aufl\u00f6sung<\/h3>\n<p>Der NAD C 700 BluOS\u2122 Streaming-Versta\u0308rker ist eine kompakte, elegante All-in-One-Lo\u0308sung, mit deren integrierten Netzwerk-Funktionen das Gera\u0308t optimal fu\u0308r die neue digitale Musikwelt geru\u0308stet ist. Trotz seiner kompakten Abmessungen u\u0308berzeugt der C 700 mit einer kraftvollen, spielerisch-dynamischen Musikwiedergabe. Und dank seiner zahlreichen digitalen und analogen Einga\u0308nge la\u0308sst sich der Versta\u0308rker auch problemlos mit traditionellen kabelgebundenen Komponenten kombinieren.<\/p>\n<p>Dabei kann der C 700 genauso als eigensta\u0308ndige HiFi-Anlage eingesetzt werden wie als Bestandteil eines Multiroom-Systems. Die BluOS\u2122 Netzwerktechnologie ermo\u0308glicht u\u0308ber das LAN- und WLAN-Netzwerk bei voller Unterstu\u0308tzung hochauflo\u0308sender Audiodaten die Verwaltung und Ansteuerung von bis zu 64 Ho\u0308rzonen. Apple-Nutzern steht daru\u0308ber hinaus AirPlay 2 zur Einbindung ins lokale Netzwerk zur Verfu\u0308gung.<\/p>\n<p>Seit der Premiere des legenda\u0308ren Vollversta\u0308rkers 3020 im Jahr 1978 scha\u0308tzen HiFi-Fans die Marke NAD fu\u0308r ihre hervorragende Klangqualita\u0308t in Verbindung mit einem fantastischen Preis-Leistungs-Verha\u0308ltnis. Der C 700 fu\u0308hrt diese Tradition im Streaming-Zeitalter fort.<\/p>\n<\/div>\n","protected":false},"excerpt":{"rendered":"<p>Der <strong data-start=\"41\" data-end=\"57\">NAD C 700 V2<\/strong> ist ein kompakter Streaming-Vollverst\u00e4rker mit BluOS-Multiroom, leistungsstarker HybridDigital-Endstufe und vielseitigen Anschl\u00fcssen. Er vereint modernes Streaming, pr\u00e4zisen Klang und einfache Bedienung in einer eleganten All-in-One-L\u00f6sung f\u00fcr hochwertige Stereo-Setups.<\/p>\n","protected":false},"featured_media":6346,"template":"","meta":{"_acf_changed":false},"product_brand":[503],"product_cat":[275],"product_tag":[],"class_list":{"0":"post-6345","1":"product","2":"type-product","3":"status-publish","4":"has-post-thumbnail","6":"product_brand-nad","7":"product_cat-streaming-verstaerker","9":"first","10":"instock","11":"shipping-taxable","12":"product-type-simple"},"acf":[],"_links":{"self":[{"href":"https:\/\/www.jupit.de\/produktwelt\/wp-json\/wp\/v2\/product\/6345","targetHints":{"allow":["GET"]}}],"collection":[{"href":"https:\/\/www.jupit.de\/produktwelt\/wp-json\/wp\/v2\/product"}],"about":[{"href":"https:\/\/www.jupit.de\/produktwelt\/wp-json\/wp\/v2\/types\/product"}],"wp:featuredmedia":[{"embeddable":true,"href":"https:\/\/www.jupit.de\/produktwelt\/wp-json\/wp\/v2\/media\/6346"}],"wp:attachment":[{"href":"https:\/\/www.jupit.de\/produktwelt\/wp-json\/wp\/v2\/media?parent=6345"}],"wp:term":[{"taxonomy":"product_brand","embeddable":true,"href":"https:\/\/www.jupit.de\/produktwelt\/wp-json\/wp\/v2\/product_brand?post=6345"},{"taxonomy":"product_cat","embeddable":true,"href":"https:\/\/www.jupit.de\/produktwelt\/wp-json\/wp\/v2\/product_cat?post=6345"},{"taxonomy":"product_tag","embeddable":true,"href":"https:\/\/www.jupit.de\/produktwelt\/wp-json\/wp\/v2\/product_tag?post=6345"}],"curies":[{"name":"wp","href":"https:\/\/api.w.org\/{rel}","templated":true}]}}