{"id":6321,"date":"2025-05-20T16:19:05","date_gmt":"2025-05-20T14:19:05","guid":{"rendered":"https:\/\/www.jupit.de\/produktwelt\/?post_type=product&#038;p=6321"},"modified":"2026-02-05T15:08:22","modified_gmt":"2026-02-05T14:08:22","slug":"nessie-vinylcleaner-proplus","status":"publish","type":"product","link":"https:\/\/www.jupit.de\/produktwelt\/produkt\/pflegen-reinigen\/nessie-vinylcleaner-proplus\/","title":{"rendered":"Nessie Vinylcleaner ProPlus+"},"content":{"rendered":"<h2><b>Nessie\u00a0 Vinyl Cleaner ProPlus+\u00a0 Schallplattenwaschmaschine<br \/>\n<\/b><\/h2>\n<p>Die <b>NESSIE ProPlus+<\/b> ist eine ausgereifte, hochwertige Schallplattenwaschmaschine mit Kombib\u00fcrste und elektrischer Dosiereinrichtung. Die Maschine wird in Deutschland gefertigt und weltweit genutzt.\u00a0 Die NESSIE ProPlus+ verf\u00fcgt \u00fcber 2 eingebaute Tanks,\u00a0 eine\u00a0<b>elektrische Dosierung<\/b> und eine <b>Kombib\u00fcrste <\/b>mit Mikrofaser und klassischer B\u00fcrste.<\/p>\n<div>Die Reinigungsfl\u00fcssigkeit wird in den eingebauten Tank eingef\u00fcllt. Die Einf\u00fcll\u00f6ffnung befindet sich vorn links am Ger\u00e4t. F\u00fcr die Bef\u00fcllung wird ein Trichter mitgeliefert. Die Reinigungsfl\u00fcssigkeit wird per Knopfdruck direkt in die Kombib\u00fcrste dosiert und gleichm\u00e4ssig auf der Schallplattenoberfl\u00e4che verteilt.<\/div>\n<div>Die <b>Kombib\u00fcrste<\/b> ist mit zwei B\u00fcrsten ausger\u00fcstet: einer Mikrofaserb\u00fcrste und einer NESSIE Premiumb\u00fcrste. Beide B\u00fcrstenk\u00f6pfe sind beweglich (schwingend) aufgeh\u00e4ngt und passen sich dadurch Unebenheiten der Schallplatte an. Die Premiumb\u00fcrste ist aus feinsten, abriebfreien Fasern in Industriequalit\u00e4t hergestellt. Sie wird industriell in einem Traditionsunternehmen im Schwarzwald gefertigt. Die zus\u00e4tzlich installierte Mikrofaserb\u00fcrste verteilt die Fl\u00fcssigkeit gleichm\u00e4\u00dfig und unterst\u00fctzt die Reinigung mit der Mikrofasertechnik.<\/div>\n<div>Insbesondere Nutzer, die viele Schallplatten waschen, werden den Vorteil einer festinstallierten B\u00fcrste sch\u00e4tzen. Es ist n\u00e4mlich erm\u00fcdend, die Waschb\u00fcrste l\u00e4ngere Zeit ruhig in der richtigen Position zu halten. Meist f\u00fchrt dies dazu, dass die Waschzeit abgek\u00fcrzt wird oder Fl\u00fcssigkeit auf die gerade getrocknete R\u00fcckseite ger\u00e4t.<\/div>\n<div>Das Herzst\u00fcck des Nessie Vinylcleaner ProPlus+ ist die extrem leise Absaugtechnik die schon in der Urnessie, dem &#8222;Vinylmaster&#8220; zum Einsatz kam. Es werden die gleichen hochwertigen Motore verbaut und keine Kompromisse eingegangen. Die Saugleistung ist elektronisch geregelt. Der Anpressdruck auf die Schallplatte\u00a0 ist deshalb niemals zu hoch. Dies ist ein h\u00e4ufiges Problem angeblich &#8222;leistungsstarker&#8220; Maschinen.<\/div>\n<div>Das Geh\u00e4use ist aus 8 mm tiefschwarzem Carnonacryl und der Plattenteller aus satiniertem Acryl hergestellt. Verchromte Design- und Funktionselemente machen aus der Maschine einen echten Hingucker.<\/div>\n<div>Ebenfalls einzigartig in dieser Klasse ist der edle Puck aus hartverchromtem Aluminium. Er hat an der Unterseite eine Lippendichtung aus Gummi, die das Label w\u00e4hrend der W\u00e4sche vor N\u00e4sse sch\u00fctzt. Der Puck dichtet ohne Schrauben oder Klemmen nur durch sein eigenes Gewicht.<\/div>\n<div>Das hauseigene Reinigungsmittel \u201eNessie Vinylin&#8220; wird in einer praktischen 500 ml Flasche geliefert.<\/div>\n<div><\/div>\n<div><b>Dynamische W\u00e4sche durch automatischen Drehrichtungswechsel<\/b><\/div>\n<div>Die Drehrichtung des Plattentellers wechselt nach einigen Umdrehungen automatisch. Die B\u00fcrstenhaare stellen sich dadurch immer neu auf. So entsteht ein dynamischer Waschbetrieb, ohne, dass der Nutzer irgendwelche Schalter bet\u00e4tigen muss.<\/div>\n<div><\/div>\n<div><b>Die NESSIE Absaugung &#8211; Legend\u00e4r leise und r\u00fcckstandsfrei<\/b><\/div>\n<div>Wird der Saugarm auf die Platte geschwenkt, beginnt automatisch die Absaugung und alle gel\u00f6sten Verunreinigungen werden tief aus der Rille gezogen. Die Saugleistung passt sich automatisch an. Die Absaugung endet nach 1 Umdrehungswechsel automatisch. Den bei vielen Fl\u00e4chensaugern \u00fcblichen &#8222;Reststreifen&#8220; gibt es bei derNESSIE nicht.<\/div>\n<div><\/div>\n<div>F\u00fcr die Aufnahme der Schmutzl\u00f6sung ist ein zweiter Tank in der Maschine eingebaut. Dieser Tank ist ausreichend gro\u00df dimensioniert und kann \u00fcber einen Ablaufschlauch einfach entleert und gesp\u00fclt werden. Die Schlauchklemme ist magnetisch an der Unterkante des Ger\u00e4tes fixiert und so immer griffbereit.<\/div>\n<div><\/div>\n<div><b>Hochwertige zertifizierte Verarbeitung<\/b><\/div>\n<div>Das Ger\u00e4t wird in qualifizierter Manufakturarbeit in Seevetal bei Hamburg gefertigt. Das Geh\u00e4use wird aus tiefschwarzem Carbonacryl hergestellt. Die hochwertige Optik wird durch elegante Chrom- und Edelstahlelemente unterstrichen.\u00a0 Alle Ger\u00e4te wurden nach den strengen Pr\u00fcfvorschriften der EU-Maschinenrichtlinie gepr\u00fcft und von uns zertifiziert.<\/div>\n<div><\/div>\n<div><b>Schutz gegen Elektrostatik<\/b><\/div>\n<div>Die Plattenwaschmaschine Nessie ProPlus+ ist gleich mehrfach gegen elektrostatische Aufladungen gesichert, u.a. durch die Erdung des Plattendorns, der seitlichen Metallst\u00fctzen und durch eine antistatische Plattentellerauflage. Die Reinigungsfl\u00fcssigkeit \u201eVinylin\u201c ist ebenfalls antistatisch ausger\u00fcstet.<\/div>\n<div><\/div>\n<div><b>Waschtimer mit LED Anzeige<\/b><\/div>\n<div>Die Ger\u00e4te erhalten einen LED beleuchteten Taster, der \u00fcber einen Timer die empfohlene Mindestwaschzeit anzeigt. So nutzt man auch bei mehreren Platten immer die richtige Waschzeit.<\/div>\n<div><\/div>\n<div><b>Basotect Schalld\u00e4mmung<\/b><\/div>\n<div>Die Ger\u00e4te erhalten eine vollwertige Schallisolierung aus Basotect, einem offenporigen Schalld\u00e4mmstoff der BASF AG. Dieser d\u00e4mmt das Ger\u00e4usch der Turbine auf Werte unter 60 dB.<\/div>\n<div><\/div>\n<div><b>Einzigartiger Kombib\u00fcrstenarm\u00a0<\/b><\/div>\n<div>Die Maschine ist mit zwei B\u00fcrsten ausger\u00fcstet: einer Mikrofaserb\u00fcrste und einer NESSIE Premiumb\u00fcrste. Beide B\u00fcrstenk\u00f6pfe sind beweglich (schwingend) aufgeh\u00e4ngt und passen sich dadurch Unebenheiten der Schallplatte an. Die zus\u00e4tzlich installierte Mikrofaserb\u00fcrste verteilt die Fl\u00fcssigkeit gleichm\u00e4\u00dfig und unterst\u00fctzt die Reinigung mit der Mikrofasertechnik. Ergebnis: Eine schnelle und gr\u00fcndliche Reinigung \u00fcber die gesamte Schallplattenbreite.<\/div>\n","protected":false},"excerpt":{"rendered":"<p>Die <strong data-start=\"58\" data-end=\"91\">Nessie Vinyl Cleaner ProPlus+<\/strong> ist eine hochwertige Schallplattenwaschmaschine f\u00fcr gr\u00fcndliche, schonende und komfortable Reinigung von Vinyl. Leistungsstarke Absaugung, pr\u00e4zise Dosierung und leiser Betrieb sorgen f\u00fcr saubere Schallplatten und h\u00f6rbar bessere Wiedergabe.<\/p>\n","protected":false},"featured_media":6322,"template":"","meta":{"_acf_changed":false},"product_brand":[485],"product_cat":[298],"product_tag":[],"class_list":{"0":"post-6321","1":"product","2":"type-product","3":"status-publish","4":"has-post-thumbnail","6":"product_brand-vinylcare","7":"product_cat-pflegen-reinigen","9":"first","10":"instock","11":"shipping-taxable","12":"product-type-simple"},"acf":[],"_links":{"self":[{"href":"https:\/\/www.jupit.de\/produktwelt\/wp-json\/wp\/v2\/product\/6321","targetHints":{"allow":["GET"]}}],"collection":[{"href":"https:\/\/www.jupit.de\/produktwelt\/wp-json\/wp\/v2\/product"}],"about":[{"href":"https:\/\/www.jupit.de\/produktwelt\/wp-json\/wp\/v2\/types\/product"}],"wp:featuredmedia":[{"embeddable":true,"href":"https:\/\/www.jupit.de\/produktwelt\/wp-json\/wp\/v2\/media\/6322"}],"wp:attachment":[{"href":"https:\/\/www.jupit.de\/produktwelt\/wp-json\/wp\/v2\/media?parent=6321"}],"wp:term":[{"taxonomy":"product_brand","embeddable":true,"href":"https:\/\/www.jupit.de\/produktwelt\/wp-json\/wp\/v2\/product_brand?post=6321"},{"taxonomy":"product_cat","embeddable":true,"href":"https:\/\/www.jupit.de\/produktwelt\/wp-json\/wp\/v2\/product_cat?post=6321"},{"taxonomy":"product_tag","embeddable":true,"href":"https:\/\/www.jupit.de\/produktwelt\/wp-json\/wp\/v2\/product_tag?post=6321"}],"curies":[{"name":"wp","href":"https:\/\/api.w.org\/{rel}","templated":true}]}}