{"id":6301,"date":"2025-05-15T17:25:58","date_gmt":"2025-05-15T15:25:58","guid":{"rendered":"https:\/\/www.jupit.de\/produktwelt\/?post_type=product&#038;p=6301"},"modified":"2026-04-28T17:52:15","modified_gmt":"2026-04-28T15:52:15","slug":"atoll-sda-300-signature","status":"publish","type":"product","link":"https:\/\/www.jupit.de\/produktwelt\/produkt\/streaming-verstaerker\/atoll-sda-300-signature\/","title":{"rendered":"ATOLL SDA 300 Signature"},"content":{"rendered":"<h1><strong>Atoll SDA 300 Signature Streaming Verst\u00e4rker<\/strong><\/h1>\n<h2><strong>Atolls n\u00e4chster Geniestreich &#8211; der neue All-In-One &#8211; Streamer und Vollverst\u00e4rker SDA 300 Signature<\/strong><\/h2>\n<p>Der Atoll SDA 300 kombiniert die Funktionsvielfalt des Streamers ST 200 mit der Power des Vollverst\u00e4rkers IN 300.<br \/>\nEr fungiert als D\/A-Wandler mit allen notwenigen Anschl\u00fcssen und bietet neben Netzwerkzug\u00e4ngen wie LAN und WLAN einen Bluetooth-Empf\u00e4nger und bildet damit somit das Zentrum einer modernen Stereo-Anlage!<\/p>\n<p>Mit 2 x 280 Watt gibt er auf die Atoll typische lebendige, spritzige Art Ihre Musik wieder.<\/p>\n<p>Er spielt alle g\u00e4ngigen Formate (FLAC, WAV, ALAC, MP3,&#8230;) mit bis zu 24Bit \/ 192kHz und DSD64 \/ 128 ab und l\u00e4sst sich bequem per iPod \/ iPad \/ Android App von Ihrer Wohnzimmercouch aus steuern!<br \/>\nZwei analoge Eing\u00e4nge f\u00fcr klassische Signalquellen, zwei optische und zwei coaxiale Digitaleing\u00e4nge lassen kein Ger\u00e4t au\u00dfen vor.<br \/>\nSie k\u00f6nnen auch einfach einen USB-Stick oder eine externe USB-Festplatte (mit FAT32, NTFS oder EXT2\/3\/4 Dateisystem) mit Ihrer Musiksammlung an das Ger\u00e4t anschlie\u00dfen und brauchen keinerlei zus\u00e4tzliche Netzwerkinfrastruktur. Die USB-Ports liefern \u00fcber 1A Strom (doppelt so viel wie in der USB-Spezifikation). Somit ist auch der Betrieb von gro\u00dfen und exotischen Festplatten sowie USB-3.0 Festplatten kein Problem!<\/p>\n<p>Die hochaufl\u00f6senden HQ Streamingdienste wie <strong>QOBUZ, TIDAL, DEEZER<\/strong> und <strong>MQA <\/strong>sind direkt integriert.<br \/>\nEr ist ebenso <strong>Spotify<\/strong>&#8211; und <strong>Spotify Connect<\/strong>&#8211; und <strong>TIDAL Connect<\/strong> f\u00e4hig.<br \/>\n\u200d<br \/>\nDer SDA\u00a0300 ist wie alle Atoll Streamer\/All-In-One Ger\u00e4te <strong>Roon Ready.<br \/>\n<\/strong><\/p>\n<h3 class=\"heading-19\">Technische Daten<\/h3>\n<div class=\"w-richtext\">\n<ul role=\"list\">\n<li>Analog-Eing\u00e4nge (Cinch): 2<\/li>\n<li>Digital-Eing\u00e4nge optisch: 2<\/li>\n<li>Digital-Eing\u00e4nge coaxial: 2<\/li>\n<li>USB-Eing\u00e4nge (Typ A): 2<\/li>\n<\/ul>\n<ul role=\"list\">\n<li>Analog-Ausg\u00e4nge Cinch (Stereo): 1<\/li>\n<li>Digital-Ausg\u00e4nge optisch: 1<\/li>\n<li>Digital-Ausg\u00e4nge coaxial: 1<\/li>\n<li>Kopfh\u00f6rerausgang: 6.3 mm<\/li>\n<li>Trigger: 12V 3.5mm Klinke<\/li>\n<\/ul>\n<ul role=\"list\">\n<li>RJ45 Netzwerk Anschluss<\/li>\n<li>12 V Trigger Ausgang<\/li>\n<\/ul>\n<ul role=\"list\">\n<li>Leistung Wrms \/ kanal \/ 8 \u03a9: 150 Wrms<\/li>\n<li>Leistung Wrms \/ Kanal \/ 4 \u03a9: 280 Wrms<\/li>\n<li>Spannungsversorgung: 2\u00d7440 VA + 3,2 VA + 2\u00d74,5 VA<\/li>\n<li>Summe der Kondensatoren: 65 800 \u00b5F<\/li>\n<li>Eingangsimpedanz: 220 k\u03a9<\/li>\n<li>Signal\/Rauschabstand: 100 dB<\/li>\n<li>Verzerrung bei 1kHz: 0,05 %<\/li>\n<li>Bandbreite: 5 Hz &#8211; 150 kHz<\/li>\n<li>Anstiegszeit: 1,3 \u00b5s<\/li>\n<li>Abmessungen: 440 \u00d7 365 \u00d7 105 mm (L x T x H)<\/li>\n<li>Gewicht: 18,9 kg<\/li>\n<\/ul>\n<\/div>\n","protected":false},"excerpt":{"rendered":"<p>Atoll SDA 300 Signature Streaming Verst\u00e4rker Atolls n\u00e4chster Geniestreich &#8211; der neue All-In-One &#8211; Streamer und Vollverst\u00e4rker SDA 300 Signature Der Atoll SDA 300 kombiniert die Funktionsvielfalt des Streamers ST 200 mit der Power des Vollverst\u00e4rkers IN 300. Er fungiert als D\/A-Wandler mit allen notwenigen Anschl\u00fcssen und bietet neben Netzwerkzug\u00e4ngen wie LAN und WLAN einen [&hellip;]<\/p>\n","protected":false},"featured_media":6302,"template":"","meta":{"_acf_changed":false},"product_brand":[438],"product_cat":[275],"product_tag":[480,445,457,449],"class_list":{"0":"post-6301","1":"product","2":"type-product","3":"status-publish","4":"has-post-thumbnail","6":"product_brand-atoll","7":"product_cat-streaming-verstaerker","8":"product_tag-hi","9":"product_tag-jupit","10":"product_tag-streamer","11":"product_tag-verstaerker","13":"first","14":"instock","15":"shipping-taxable","16":"product-type-simple"},"acf":[],"_links":{"self":[{"href":"https:\/\/www.jupit.de\/produktwelt\/wp-json\/wp\/v2\/product\/6301","targetHints":{"allow":["GET"]}}],"collection":[{"href":"https:\/\/www.jupit.de\/produktwelt\/wp-json\/wp\/v2\/product"}],"about":[{"href":"https:\/\/www.jupit.de\/produktwelt\/wp-json\/wp\/v2\/types\/product"}],"wp:featuredmedia":[{"embeddable":true,"href":"https:\/\/www.jupit.de\/produktwelt\/wp-json\/wp\/v2\/media\/6302"}],"wp:attachment":[{"href":"https:\/\/www.jupit.de\/produktwelt\/wp-json\/wp\/v2\/media?parent=6301"}],"wp:term":[{"taxonomy":"product_brand","embeddable":true,"href":"https:\/\/www.jupit.de\/produktwelt\/wp-json\/wp\/v2\/product_brand?post=6301"},{"taxonomy":"product_cat","embeddable":true,"href":"https:\/\/www.jupit.de\/produktwelt\/wp-json\/wp\/v2\/product_cat?post=6301"},{"taxonomy":"product_tag","embeddable":true,"href":"https:\/\/www.jupit.de\/produktwelt\/wp-json\/wp\/v2\/product_tag?post=6301"}],"curies":[{"name":"wp","href":"https:\/\/api.w.org\/{rel}","templated":true}]}}